is the hundred thousands digit of 2948135?
9
What is the hundred thousands digit of 1477470?
4
What is the hundred thousands digit of 169621?
1
What is the hundred thousands digit of 2509016?
5
What is the ten thousands digit of 659162?
5
What is the tens digit of 701910?
1
What is the tens digit of 208105?
0
What is the thousands digit of 91826?
1
What is the units digit of 205830?
0
What is the ten thousands digit of 8793935?
9
What is the units digit of 74912?
2
What is the ten thousands digit of 1310052?
1
What is the units digit of 1364502?
2
What is the thousands digit of 157442?
7
What is the millions digit of 2857232?
2
What is the millions digit of 4174245?
4
What is the hundreds digit of 1080462?
4
What is the hundred thousands digit of 4530439?
5
What is the hundred thousands digit of 6232549?
2
What is the units digit of 82214?
4
What is the tens digit of 58171?
7
What is the units digit of 23761472?
2
What is the hundreds digit of 6059408?
4
What is the ten thousands digit of 1248720?
4
What is the thousands digit of 317505?
7
What is the thousands digit of 18262656?
2
What is the hundred thousands digit of 29578208?
5
What is the thousands digit of 139206?
9
What is the units digit of 524994?
4
What is the ten thousands digit of 16786363?
8
What is the units digit of 1231934?
4
What is the units digit of 18303924?
4
What is the tens digit of 9217663?
6
What is the units digit of 12315036?
6
What is the thousands digit of 4769317?
9
What is the hundred thousands digit of 884841?
8
What is the units digit of 8687668?
8
What is the tens digit of 2621157?
5
What is the ten millions digit of 13239534?
1
What is the tens digit of 209411?
1
What is the millions digit of 19584160?
9
What is the units digit of 86945?
5
What is the tens digit of 463136?
3
What is the hundreds digit of 564513?
5
What is the units digit of 6556713?
3
What is the tens digit of 840630?
3
What is the hundreds digit of 599846?
8
What is the hundred thousands digit of 10778425?
7
What is the thousands digit of 523460?
3
What is the hundred thousands digit of 606503?
6
What is the units digit of 179945?
5
What is the ten thousands digit of 699715?
9
What is the hundreds digit of 959526?
5
What is the thousands digit of 762668?
2
What is the thousands digit of 103052?
3
What is the ten thousands digit of 10006470?
0
What is the hundred thousands digit of 114029?
1
What is the units digit of 194217?
7
What is the thousands digit of 404938?
4
What is the units digit of 593623?
3
What is the thousands digit of 5046042?
6
What is the thousands digit of 3071887?
1
What is the millions digit of 4040684?
4
What is the tens digit of 303685?
8
What is the units digit of 6604716?
6
What is the hundred thousands digit of 2218851?
2
What is the millions digit of 5875025?
5
What is the ten thousands digit of 421591?
2
What is the hundreds digit of 2780107?
1
What is the hundreds digit of 76431?
4
What is the tens digit of 12067790?
9
What is the thousands digit of 1039872?
9
What is the thousands digit of 4992988?
2
What is the hundreds digit of 142397?
3
What is the hundreds digit of 437480?
4
What is the tens digit of 737487?
8
What is the thousands digit of 2374062?
4
What is the tens digit of 1965089?
8
What is the millions digit of 22858492?
2
What is the hundred thousands digit of 722705?
7
What is the tens digit of 1328299?
9
What is the ten thousands digit of 7414775?
1
What is the thousands digit of 114039?
4
What is the ten thousands digit of 313014?
1
What is the hundred thousands digit of 3975480?
9
What is the ten millions digit of 20216787?
2
What is the tens digit of 866076?
7
What is the hundreds digit of 4094060?
0
What is the ten thousands digit of 198949?
9
What is the hundred thousands digit of 135407?
1
What is the units digit of 1870087?
7
What is the hundreds digit of 13207601?
6
What is the ten thousands digit of 1080212?
8
What is the thousands digit of 304795?
4
What is the ten thousands digit of 1536810?
3
What is the units digit of 6658917?
7
What is the units digit of 808231?
1
What is the hundred thousands digit of 222658?
2
What is the ten thousands digit of 2025630?
2
What is the tens digit of 1256589?
8
What is the millions digit of 13948259?
3
What is the units digit of 9862662?
2
What is the hundred thousands digit of 312124?
3
What is the ten thousands digit of 3594713?
9
What is the ten thousands digit of 997274?
9
What is the hundreds digit of 3946908?
9
What is the units digit of 9303383?
3
What is the millions digit of 3177249?
3
What is the ten thousands digit of 257689?
5
What is the thousands digit of 4453086?
3
What is the hundred thousands digit of 192056?
1
What is the units digit of 157338?
8
What is the ten millions digit of 12281908?
1
What is the millions digit of 1147813?
1
What is the tens digit of 30751?
5
What is the hundred thousands digit of 1088862?
0
What is the units digit of 302920?
0
What is the hundred thousands digit of 4461704?
4
What is the units digit of 19222?
2
What is the hundred thousands digit of 4555902?
5
What is the hundreds digit of 188381?
3
What is the thousands digit of 39512644?
2
What is the millions digit of 36984195?
6
What is the hundreds digit of 7027604?
6
What is the hundreds digit of 4580091?
0
What is the tens digit of 401892?
9
What is the units digit of 960600?
0
What is the hundred thousands digit of 260945?
2
What is the hundreds digit of 2322099?
0
What is the ten thousands digit of 992403?
9
What is the tens digit of 176220?
2
What is the hundred thousands digit of 23632380?
6
What is the hundred thousands digit of 2322466?
3
What is the units digit of 510995?
5
What is the hundred thousands digit of 239835?
2
What is the millions digit of 33775196?
3
What is the units digit of 574657?
7
What is the thousands digit of 83588?
3
What is the ten thousands digit of 311686?
1
What is the hundred thousands digit of 215436?
2
What is the ten millions digit of 40882385?
4
What is the units digit of 3936306?
6
What is the tens digit of 376493?
9
What is the tens digit of 181297?
9
What is the tens digit of 339830?
3
What is the units digit of 192062?
2
What is the tens digit of 12367819?
1
What is the millions digit of 1051925?
1
What is the tens digit of 89285?
8
What is the tens digit of 2035466?
6
What is the thousands digit of 117211?
7
What is the thousands digit of 452640?
2
What is the ten thousands digit of 178042?
7
What is the thousands digit of 43288?
3
What is the hundred thousands digit of 7863368?
8
What is the tens digit of 398362?
6
What is the units digit of 7810893?
3
What is the hundred thousands digit of 2432138?
4
What is the hundred thousands digit of 3929102?
9
What is the hundreds digit of 168523?
5
What is the hundreds digit of 419246?
2
What is the ten thousands digit of 364999?
6
What is the millions digit of 2506048?
2
What is the units digit of 323405?
5
What is the thousands digit of 97680?
7
What is the units digit of 196115?
5
What is the hundreds digit of 25604325?
3
What is the thousands digit of 288388?
8
What is the hundreds digit of 606891?
8
What is the tens digit of 217486?
8
What is the units digit of 3546625?
5
What is the ten thousands digit of 480381?
8
What is the tens digit of 1384533?
3
What is the ten thousands digit of 3618051?
1
What is the tens digit of 295308?
0
What is the hundred thousands digit of 177086?
1
What is the ten thousands digit of 350980?
5
What is the millions digit of 22300184?
2
What is the units digit of 3337864?
4
What is the units digit of 877061?
1
What is the hundreds digit of 22241?
2
What is the millions digit of 4800526?
4
What is the ten thousands digit of 1410564?
1
What is the tens digit of 281680?
8
What is the tens digit of 801897?
9
What is the units digit of 296113?
3
What is the thousands digit of 3809284?
9
What is the ten thousands digit of 29971068?
7
What is the hundreds digit of 461248?
2
What is the thousands digit of 1156858?
6
What is the thousands digit of 887105?
7
What is the hundreds digit of 166196?
1
What is the hundreds digit of 4120732?
7
What is the millions digit of 23257473?
3
What is the millions digit of 7546584?
7
What is the hundreds digit of 1424214?
2
What is the hundreds digit of 7